culate the remainder when (-4*3/9)/(-8 + 214/27) is divided by d.
3
Let b(r) = -r**3 - 3*r**2 - 2. Let z be b(-3). Let y be 3*(0 + z + 0). Let x = y + 14. Calculate the remainder when x is divided by 4.
0
Suppose u - 4 = -r + 13, 4*u = -5*r + 88. What is the remainder when (56/r - 7)*(-15)/1 is divided by 18?
9
Let q = 1041 - 994. What is the remainder when q is divided by 20?
7
Let y be -3 + 36 - (6 - 10). Suppose 0 = -2*l + 3*l - a - 21, -l = -5*a - y. What is the remainder when 50 is divided by l?
16
Let m(i) = -24*i + 947. What is the remainder when 138 is divided by m(38)?
33
Let u be -1 + 53 - (-1 + -1). Suppose 0 = -n + 2*y + 88 - 28, -n - 4*y = -u. Let o = -25 + n. What is the remainder when o is divided by 9?
6
Calculate the remainder when 164 is divided by ((-189)/12)/(3/(-12)).
38
Let o = -16 - -18. Suppose -o = m - 28. What is the remainder when 75 is divided by m?
23
Suppose y + 0*b - 483 = b, 4*y + 3*b = 1925. Calculate the remainder when y is divided by 54.
50
Suppose 17 = -f - 21. Let u = -38 - f. Suppose 5*j = h + 4 - 41, 3*j = u. Calculate the remainder when 72 is divided by h.
35
Suppose -32 = 4*g - 104. Let h = -44 - -96. Calculate the remainder when h is divided by g.
16
Let q(k) = k**3 + 15*k**2 + 6*k - 2. Let n be q(-14). Suppose 22 = -5*z + a + n, -10 = -5*a. What is the remainder when z is divided by 7?
4
Let m = -2637 + 2678. Calculate the remainder when 81 is divided by m.
40
Let t = -58 - -145. Calculate the remainder when t is divided by 34.
19
Suppose -2*m = -3*m - 12. Let j = 0 - m. Calculate the remainder when 6 is divided by 0/j + 1*4.
2
What is the remainder when 34 is divided by 2/4*6 - (-47 + 41)?
7
Let l be 3*-6*4/(-18). Let z(g) = -g**3 + 6*g**2 + 3*g - 8. Calculate the remainder when 70 is divided by z(l).
34
Suppose 5*w = -5*x + x + 108, 80 = 4*x - 2*w. Let n = -17 + x. What is the remainder when 18 is divided by n?
3
Let l = 15 - 11. Let w(j) = -j**3 + 42*j**2 + 2*j - 70. Calculate the remainder when 275/l - 1/(-4) is divided by w(42).
13
Let h = -896 - -965. What is the remainder when 271 is divided by h?
64
Suppose 0 = -2*l + 2*o + 8, 5*l - 4*o - 18 = 1. Let g(x) = 3*x - 2. Let j be g(l). Suppose 58 = -j*t + 310. What is the remainder when 141 is divided by t?
33
What is the remainder when (0 - 396/(-8)) + (-1)/(-2) is divided by 22?
6
Suppose -2 = 2*w + 6, -3*w - 597 = -3*o. What is the remainder when o is divided by 18?
15
Let w = -63 - -29. Let t = -23 - w. Calculate the remainder when 42 is divided by t.
9
Suppose -18*t + 1035 = 261. Calculate the remainder when 84 is divided by t.
41
Let l = 128 - 30. What is the remainder when l is divided by 29?
11
Let j(s) = 2*s**2 + 43*s + 55. Calculate the remainder when j(-22) is divided by 17.
9
Suppose 3437 = 3*r + 3*z + 71, 3*r - 3*z - 3390 = 0. Calculate the remainder when r is divided by 47.
45
Suppose q = 5*x + 46, 4*q + 5*x - 175 - 34 = 0. Calculate the remainder when 98 is divided by q.
47
Suppose -4 = v - 2*c, 3*v - 8*v - 2*c + 4 = 0. Let p(y) = y**3 + y**2 + 89. What is the remainder when p(v) is divided by 23?
20
Suppose -5*o = -5*k + 4*k + 279, -3*o + 558 = 2*k. Calculate the remainder when k is divided by 14.
13
Let x(m) = m**2 + 2*m - 11. Let l be x(-5). Let g(y) = y - 4. Let r be g(l). Suppose k + k - 12 = r. What is the remainder when k is divided by 4?
2
Let d = 1 - -11. Suppose 2*s - d = -s. Suppose 4*x + 144 = s*p, -162 = -5*p + p - 5*x. What is the remainder when p is divided by 13?
12
Suppose 4 + 24 = -2*g. Let y = 35 + g. What is the remainder when 83 is divided by y?
20
Let t(o) = o**3 - 11*o**2 - 11*o - 6. Let u be t(12). Suppose 252 = 2*l - u*l. Let w = l + 110. Calculate the remainder when w is divided by 12.
11
Let d(q) = -2*q**2 - 42*q - 27. What is the remainder when d(-20) is divided by 8?
5
Let q(b) = -22*b + 75. What is the remainder when 234 is divided by q(0)?
9
Calculate the remainder when 309 is divided by (-122 - 2)/(-14 + 12).
61
Suppose 3*c - 429 = -3*s, s + 16 = c - 137. What is the remainder when c is divided by 10?
8
Suppose -6 = 3*p - 3*c - 33, -29 = -p + 5*c. Let b(j) = j**3 - 9*j - 1. What is the remainder when b(p) is divided by 6?
3
Let b be ((-26)/(-5))/(6*4/60). Let p = b + 10. What is the remainder when 43 is divided by p?
20
Let h be 5/((-5)/(-4))*-10. Let n = h + 48. What is the remainder when n is divided by 5?
3
Let p(x) = x**3 + 6*x**2 - 3*x - 23. Suppose -1 + 31 = 3*m. Calculate the remainder when p(-5) is divided by m.
7
Suppose 38*k - 516 = 26*k. What is the remainder when k is divided by 15?
13
Let h = 107 - 69. Let g = h - 10. What is the remainder when 194 is divided by g?
26
Suppose -2*l - 3*v - 87 = -3*l, -95 = -l + 5*v. What is the remainder when l is divided by 10?
5
Let t = 49 + -52. Calculate the remainder when 195 is divided by t*(-1)/6*36/1.
15
Let i(k) = -k**3 + 9*k**2 + 13*k - 27. Let t be i(10). Suppose t*h - 3*d = 42, 4*h - 68 = -3*d + 4*d. Calculate the remainder when 30 is divided by h.
12
Let v(c) = -c**2 + 9*c - 3. Let i(l) = -2*l**2 + 19*l - 7. Let n(b) = 2*i(b) - 5*v(b). Calculate the remainder when 35 is divided by n(9).
16
Suppose 3*u - 15 = 0, 0*l = 5*l - 5*u - 270. Suppose -l*w + 64*w = 35. What is the remainder when 12 is divided by w?
5
Let b(y) = -y**3 + 2*y**2 + y + 2. Let v be b(-3). Suppose -5*s + s - v = 0. Let j = s - -21. What is the remainder when j is divided by 4?
2
Let n = 374 - 203. What is the remainder when n is divided by 52?
15
Suppose 0 = 202*v - 224*v + 3080. What is the remainder when v is divided by 38?
26
Let h(d) = -d**3 + 14*d**2 - 4*d - 1. Let q be h(10). Suppose 457 = 17*c - q. What is the remainder when 186 is divided by c?
42
Let m be ((-62)/1)/((-8)/(-3) + -2). Let t = 172 + m. What is the remainder when t is divided by 17?
11
Let z = -230 - -1773. Let u = z + -763. What is the remainder when u/21 - 1/7 is divided by 19?
18
Suppose -144 = -5*t + o, -t + 2*o = 2*t - 92. Calculate the remainder when 100 is divided by t.
16
Let n = -76 - -80. Suppose -n*v + q + 283 = 0, 0 = 3*v - 2*q + q - 212. Calculate the remainder when v is divided by 15.
11
Suppose 2 = -k + 24. Let b = -10387 + 10494. Calculate the remainder when b is divided by k.
19
Let t = -191 - -443. Calculate the remainder when t is divided by 23.
22
Suppose 6*o = -6*o - 636. Let h = o - -104. What is the remainder when 98 is divided by h?
47
Suppose 9 = -3*c, 0*i - 4*c - 27 = -i. Calculate the remainder when 515 is divided by i.
5
Suppose 2*f - 45 = -15. Let j be 18/5 - (-6)/f. Let s(u) = -u**3 + 4*u**2 + 4*u - 5. What is the remainder when 18 is divided by s(j)?
7
Suppose -4*j + s + 3*s = -268, 5*j + 5*s - 315 = 0. Let v = 110 - j. What is the remainder when v is divided by (-8)/((-14)/(-6) + -3)?
9
Suppose -3*l = -2*l + 5*o - 50, -3*o + 234 = 4*l. Calculate the remainder when 100 is divided by l.
40
Let l = -1089 - -1222. Calculate the remainder when l is divided by 5.
3
Let i = 61 + -5. Suppose 52*k = i*k - 164. Calculate the remainder when 202 is divided by k.
38
What is the remainder when (-1 + 5 + -5)/(5/(-670)) is divided by 4?
2
Let n(a) be the third derivative of -a**6/120 + 7*a**5/60 - a**4/24 - a**3/3 - 14*a**2. Calculate the remainder when n(4) is divided by ((-11)/2)/((-2)/8).
20
Suppose -4*w + q = 4, -2*w - q + 4 = -w. Suppose -7*m + 4*m + 186 = w. Calculate the remainder when m is divided by 11.
7
Let f be 2/((-1)/4*2). Let h be 4/(-2) - (f + 0). Suppose -a + h*a = 27. What is the remainder when a is divided by 14?
13
Let i = -433 - -643. What is the remainder when i is divided by 35?
0
Suppose 17*m + 4320 = 37*m. What is the remainder when m is divided by 46?
32
Let a(s) = -27*s - 868*s**2 + 0*s**3 + 884*s**2 - s**3 + 3. Suppose 0 = -4*p - 77 + 265. Calculate the remainder when p is divided by a(14).
13
Suppose -146 = -5*m + t, 84 - 30 = 2*m + 4*t. Let c be 4/(-2) - (-52 + 2). Let v = m + c. What is the remainder when v is divided by 16?
13
Suppose 7*l - 4*l - 6 = 0. Let h = -108 - -109. What is the remainder when l is divided by h?
0
Let u = -208 - -216. Let i = 26 + -4. What is the remainder when i is divided by u?
6
Let q = 405 + -380. Suppose 5*m - 220 = 25. Calculate the remainder when m is divided by q.
24
Let l = 18 - 16. Suppose 15 = l*u + 5. Calculate the re